e remainder when 6037 is divided by 106?
101
Calculate the remainder when 171 is divided by 12.
3
Calculate the remainder when 171 is divided by 104.
67
What is the remainder when 1823 is divided by 76?
75
What is the remainder when 10783 is divided by 32?
31
What is the remainder when 1004 is divided by 23?
15
What is the remainder when 441 is divided by 161?
119
Calculate the remainder when 1081 is divided by 521.
39
Calculate the remainder when 155 is divided by 26.
25
Calculate the remainder when 50 is divided by 6.
2
Calculate the remainder when 14038 is divided by 108.
106
Calculate the remainder when 114 is divided by 30.
24
What is the remainder when 219 is divided by 34?
15
What is the remainder when 10132 is divided by 327?
322
What is the remainder when 158 is divided by 19?
6
Calculate the remainder when 1289 is divided by 183.
8
Calculate the remainder when 10030 is divided by 127.
124
Calculate the remainder when 1186 is divided by 237.
1
Calculate the remainder when 1062 is divided by 25.
12
What is the remainder when 182 is divided by 99?
83
What is the remainder when 2792 is divided by 13?
10
What is the remainder when 26 is divided by 17?
9
Calculate the remainder when 221 is divided by 75.
71
What is the remainder when 291 is divided by 15?
6
What is the remainder when 184 is divided by 67?
50
Calculate the remainder when 30 is divided by 5.
0
What is the remainder when 4941 is divided by 75?
66
What is the remainder when 2547 is divided by 25?
22
Calculate the remainder when 297 is divided by 84.
45
What is the remainder when 42 is divided by 25?
17
What is the remainder when 4198 is divided by 8?
6
What is the remainder when 945 is divided by 120?
105
Calculate the remainder when 54 is divided by 14.
12
Calculate the remainder when 5144 is divided by 156.
152
What is the remainder when 516 is divided by 29?
23
What is the remainder when 755 is divided by 19?
14
Calculate the remainder when 4389 is divided by 62.
49
Calculate the remainder when 33 is divided by 21.
12
What is the remainder when 257 is divided by 121?
15
Calculate the remainder when 185 is divided by 176.
9
What is the remainder when 5398 is divided by 37?
33
What is the remainder when 62 is divided by 4?
2
What is the remainder when 958 is divided by 21?
13
Calculate the remainder when 218 is divided by 107.
4
What is the remainder when 1301 is divided by 313?
49
What is the remainder when 1558 is divided by 71?
67
What is the remainder when 101 is divided by 36?
29
Calculate the remainder when 113 is divided by 35.
8
What is the remainder when 428 is divided by 106?
4
What is the remainder when 788 is divided by 523?
265
Calculate the remainder when 4623 is divided by 1540.
3
What is the remainder when 1175 is divided by 69?
2
What is the remainder when 57 is divided by 15?
12
Calculate the remainder when 831 is divided by 412.
7
What is the remainder when 198 is divided by 69?
60
Calculate the remainder when 254 is divided by 29.
22
Calculate the remainder when 659 is divided by 44.
43
What is the remainder when 277 is divided by 46?
1
What is the remainder when 771 is divided by 108?
15
Calculate the remainder when 35 is divided by 32.
3
Calculate the remainder when 1745 is divided by 35.
30
Calculate the remainder when 12044 is divided by 241.
235
What is the remainder when 239 is divided by 50?
39
What is the remainder when 237 is divided by 9?
3
Calculate the remainder when 2024 is divided by 75.
74
Calculate the remainder when 206 is divided by 42.
38
What is the remainder when 1133 is divided by 21?
20
What is the remainder when 1873 is divided by 933?
7
What is the remainder when 2698 is divided by 75?
73
Calculate the remainder when 63 is divided by 8.
7
Calculate the remainder when 9089 is divided by 52.
41
Calculate the remainder when 322 is divided by 36.
34
Calculate the remainder when 488 is divided by 29.
24
What is the remainder when 929 is divided by 3?
2
Calculate the remainder when 186 is divided by 22.
10
Calculate the remainder when 332 is divided by 67.
64
Calculate the remainder when 2547 is divided by 91.
90
What is the remainder when 479 is divided by 24?
23
Calculate the remainder when 464 is divided by 164.
136
Calculate the remainder when 53 is divided by 5.
3
Calculate the remainder when 1112 is divided by 50.
12
Calculate the remainder when 397 is divided by 84.
61
Calculate the remainder when 1108 is divided by 293.
229
What is the remainder when 96 is divided by 49?
47
What is the remainder when 416 is divided by 66?
20
Calculate the remainder when 850 is divided by 279.
13
Calculate the remainder when 51 is divided by 31.
20
What is the remainder when 1401 is divided by 585?
231
What is the remainder when 1889 is divided by 6?
5
What is the remainder when 519 is divided by 23?
13
Calculate the remainder when 1322 is divided by 63.
62
Calculate the remainder when 101 is divided by 27.
20
Calculate the remainder when 2593 is divided by 323.
9
What is the remainder when 280 is divided by 52?
20
Calculate the remainder when 1345 is divided by 123.
115
What is the remainder when 3755 is divided by 13?
11
Calculate the remainder when 1771 is divided by 496.
283
What is the remainder when 126 is divided by 9?
0
What is the remainder when 78 is divided by 4?
2
Calculate the remainder when 189 is divided by 51.
36
Calculate the remainder when 218 is divided by 44.
42
What is the remainder when 1798 is divided by 447?
10
Calculate the remainder when 349 is divided by 16.
13
What is the remainder when 28 is divided by 20?
8
Calculate the remainder when 50 is divided by 16.
2
Calculate the remainder when 183 is divided by 21.
15
What is the remainder when 1196 is divided by 392?
20
What is the remainder when 56 is divided by 22?
12
What is the remainder when 627 is divided by 159?
150
What is the remainder when 239 is divided by 80?
79
What is the remainder when 776 is divided by 158?
144
What is the remainder when 2136 is divided by 69?
66
What is the remainder when 428 is divided by 158?
112
Calculate the remainder when 3065 is divided by 42.
41
What is the remainder when 17 is divided by 10?
7
What is the remainder when 846 is divided by 85?
81
What is the remainder when 136 is divided by 30?
16
What is the remainder when 34 is divided by 7?
6
Calculate the remainder when 115 is divided by 35.
10
Calculate the remainder when 472 is divided by 132.
76
What is the remainder when 626 is divided by 57?
56
Calculate the remainder when 26 is divided by 14.
12
Calculate the remainder when 106 is divided by 3.
1
Calculate the remainder when 996 is divided by 10.
6
What is the remainder when 56 is divided by 33?
23
Calculate the remainder when 46 is divided by 8.
6
What is the remainder when 201 is divided by 31?
15
What is the remainder when 165 is divided by 10?
5
What is the remainder when 115 is divided by 60?
55
What is the remainder when 3542 is divided by 1759?
24
Calculate the remainder when 198 is divided by 38.
8
What is the remainder when 175 is divided by 98?
77
What is the remainder when 100 is divided by 37?
26
What is the remainder when 1949 is divided by 246?
227
What is the remainder when 771 is divided by 242?
45
What is the remainder when 58 is divided by 30?
28
What is the remainder when 222 is divided by 42?
12
What is the remainder when 1630 is divided by 51?
49
Calculate the remainder when 533 is divided by 120.
53
What is the remainder when 185 is divided by 38?
33
Calculate the remainder when 1796 is divided by 453.
437
Calculate the remainder when 1230 is divided by 16.
14
Calculate the remainder when 201 is divided by 97.
7
Calculate the remainder when 281 is divided by 48.
41
What is the remainder when 1012 is divided by 78?
76
What is the remainder when 646 is divided by 312?
22
What is the remainder when 665 is divided by 303?
59
What is the remainder when 11769 is divided by 11?
10
What is the remainder when 196 is divided by 148?
48
Calculate the remainder when 222 is divided by 59.
45
What is the remainder when 31568 is divided by 110?
108
What is the remainder when 469 is divided by 125?
94
Calculate the remainder when 335 is divided by 86.
77
Calculate the remainder when 863 is divided by 18.
17
Calcul